(v) = -2*v**2 - 25*v + 14. Determine r(-10).
64
Let p(n) = -n - 128. Calculate p(25).
-153
Let x(q) = 3130*q + 3136. Calculate x(-1).
6
Let r(y) = 196*y - 1876. Determine r(6).
-700
Let y(b) = -b**3 + b**2 - 679*b + 5056. Give y(7).
9
Let h(t) = 96*t - 2971. Give h(31).
5
Let b(v) = 146*v + 6562. Calculate b(-45).
-8
Let s(l) = -2*l**2 - 1570*l + 7903. Give s(5).
3
Let i(o) = 3*o**3 + 22*o**2 + 142*o + 1679. Calculate i(-9).
-4
Let t(h) = -288*h - 1139. Calculate t(-4).
13
Let o(f) = -94*f + 460. What is o(4)?
84
Let w(u) = u**2 - 75*u - 947. Give w(86).
-1
Let u(k) = -3*k**3 - 22*k**2 - 16*k - 134. Calculate u(-7).
-71
Let p(z) = z**3 + 19*z**2 - 53*z + 295. Calculate p(-22).
9
Let m(t) = 5*t**2 - 16*t - 13. Determine m(7).
120
Let b(v) = 6*v - 91. Give b(14).
-7
Let m(g) = -27*g + 479. Determine m(17).
20
Let f(m) = 52*m - 1236. Calculate f(24).
12
Let m(x) = x**2 - 29*x - 25. Give m(30).
5
Let j(p) = p**3 + 9*p**2 + 42*p + 65. Determine j(-2).
9
Let z(n) = 20*n**2 - 1199*n - 54. Give z(60).
6
Let v(n) = -212*n - 37098. Determine v(-175).
2
Let t(z) = 2*z**2 - 31*z - 28. Calculate t(14).
-70
Let l(o) = -373*o + 3290. Give l(9).
-67
Let r(j) = j**3 + 25*j**2 - 24*j - 26. Calculate r(-26).
-78
Let s(g) = -g**3 - 8*g**2 + 21*g + 20. What is s(-12)?
344
Let t(r) = r**3 + 15*r**2 - r - 8. Determine t(-5).
247
Let l(h) = h**3 - 3*h**2 - 7*h - 4. What is l(-4)?
-88
Let n(v) = -18*v - 224. Determine n(-13).
10
Let w(g) = -1227*g + 14725. What is w(12)?
1
Let x(y) = y**2 + 60*y - 14228. Give x(93).
1
Let g(p) = -p**2 - 32*p + 300. Determine g(-37).
115
Let d(j) = j**2 - 36*j + 384. What is d(9)?
141
Let v(i) = -279*i - 8340. Give v(-30).
30
Let n(s) = 32*s - 920. Give n(29).
8
Let r(p) = -2*p**3 - 25*p**2 - 73*p - 8. Determine r(-7).
-36
Let k(z) = 3*z**3 - 36*z**2 - 14*z - 15. What is k(9)?
-870
Let n(l) = l**2 - 63*l + 802. Calculate n(18).
-8
Let p(g) = g**3 - 9*g**2 - 167*g - 255. Calculate p(-8).
-7
Let t(o) = 39*o + 640. Give t(-15).
55
Let p(f) = -f**3 + 30*f**2 - 215*f - 17. Calculate p(18).
1
Let a(y) = -2*y**2 + 213*y - 1181. Give a(6).
25
Let x(v) = 2*v**2 - 52*v - 2678. Give x(-26).
26
Let u(y) = -5*y**3 + 21*y**2 - 12*y + 28. Give u(4).
-4
Let d(h) = -h**3 + 107*h**2 - 214*h + 398. Give d(105).
-22
Let g(y) = -y**3 + 28*y**2 + 103*y - 1290. Calculate g(30).
0
Let i(y) = y**3 - 20*y**2 - 200*y + 4180. Determine i(19).
19
Let z(c) = 3*c**2 - 4*c + 9. Determine z(3).
24
Let m(t) = -17752*t - 106520. Calculate m(-6).
-8
Let i(g) = 4*g + 47. Determine i(34).
183
Let w(t) = t**2 + 3*t - 1. Calculate w(2).
9
Let f(r) = r**3 - 115*r**2 + 961*r - 56. Determine f(9).
7
Let j(i) = 3*i**2 + 703*i - 4964. Calculate j(7).
104
Let b(t) = t**2 + 6*t + 160. What is b(14)?
440
Let z(u) = 1269*u - 1392. Determine z(1).
-123
Let s(o) = -8*o - 126. Calculate s(-14).
-14
Let s(v) = v**2 + 823*v + 5704. What is s(-7)?
-8
Let a(s) = -3*s**2 - 107*s - 515. Determine a(-9).
205
Let z(j) = -16*j**2 - 16*j - 6. Calculate z(-2).
-38
Let k(x) = x**3 + 2*x**2 - 292*x - 53. Determine k(0).
-53
Let a(c) = -c**3 - 36*c**2 - 300*c + 105. Determine a(-14).
-7
Let d(n) = n**3 + 17*n**2 + 2*n + 39. Determine d(-18).
-321
Let t(n) = -17*n - 411. Give t(10).
-581
Let f(v) = -16*v**2 - 15*v - 58. What is f(-2)?
-92
Let g(u) = u**2 + 163*u - 9157. What is g(-207)?
-49
Let m(k) = -k**2 + 7*k + 325. Calculate m(-16).
-43
Let w(a) = 5*a**3 - 91*a**2 + 17*a + 19. What is w(18)?
1
Let q(o) = 2*o**3 - 6*o**2 + 10*o - 33. Give q(4).
39
Let s(i) = 121*i + 11. Determine s(-1).
-110
Let q(d) = -85*d + 822. Give q(13).
-283
Let i(r) = r**3 + 2*r**2 + 33*r + 340. What is i(-5)?
100
Let q(i) = i**3 + 10*i**2 + 93*i + 1143. Give q(-11).
-1
Let x(i) = 2*i**3 - 2*i**2 - 7*i - 20. What is x(4)?
48
Let a(p) = -p**3 - 3*p**2 + 9*p + 16. Determine a(-5).
21
Let l(r) = 52*r + 3102. What is l(-60)?
-18
Let c(j) = -92*j + 33. Give c(-3).
309
Let r(p) = -2*p**3 + 23*p**2 - 58*p + 50. What is r(8)?
34
Let h(y) = 3*y**2 + 43*y + 225. Calculate h(-5).
85
Let i(l) = -87*l**3 - l**2 + 20*l + 40. What is i(-2)?
692
Let l(y) = -129*y - 3949. Calculate l(-30).
-79
Let f(l) = 2*l**2 + 292*l + 7461. Calculate f(-113).
3
Let c(l) = l**3 + 15*l**2 - 23*l - 57. What is c(-16)?
55
Let z(n) = 4*n**3 - 4*n - 20. Determine z(0).
-20
Let f(h) = 13*h**2 - 238*h - 188. Calculate f(19).
-17
Let d(s) = -s**2 - 183*s - 2670. Determine d(-16).
2
Let y(u) = 28*u - 767. Calculate y(25).
-67
Let l(q) = -8*q + 149. Calculate l(30).
-91
Let p(f) = 401*f - 1368. Give p(6).
1038
Let d(k) = -37*k + 43. Give d(-6).
265
Let f(g) = -21*g**2 - 3*g - 4. Give f(-2).
-82
Let k(y) = 5*y**2 - 592*y + 836. Determine k(117).
17
Let u(p) = 2*p**3 - 52*p**2 + 38*p - 44. Give u(25).
-344
Let h(s) = -26*s**2 - 729*s - 23. Calculate h(-28).
5
Let c(r) = 14*r + 258. What is c(-3)?
216
Let s(a) = 84*a - 13530. Calculate s(162).
78
Let d(x) = -3*x**3 - 6*x**2 + 15*x - 28. Calculate d(2).
-46
Let x(y) = -4*y**2 + 28*y + 31. Determine x(-1).
-1
Let v(q) = q**2 + 27*q + 157. Give v(-23).
65
Let q(c) = 19*c**2 + 200*c - 13. Determine q(-10).
-113
Let y(h) = h**3 - 65*h**2 + 63*h + 135. Determine y(64).
71
Let o(f) = 7*f - 203. Calculate o(23).
-42
Let t(u) = 25*u**2 - 89*u + 5. Determine t(5).
185
Let w(f) = 2*f**3 + 14*f**2 - 92*f - 508. Determine w(-9).
-4
Let v(s) = 218*s + 1579. Give v(-4).
707
Let p(t) = -1358*t + 8122. Calculate p(6).
-26
Let z(f) = 146*f - 1172. Determine z(8).
-4
Let t(f) = -13*f - 86. Determine t(10).
-216
Let y(m) = -830*m - 1669. Give y(-2).
-9
Let r(h) = 4*h**2 + 128*h + 167. Calculate r(-31).
43
Let w(r) = -2*r**3 + 60*r**2 + 53*r - 8. What is w(-1)?
1
Let s(a) = 686*a - 126226. What is s(184)?
-2
Let t(o) = -o**3 + 10*o**2 - 7*o - 27. What is t(7)?
71
Let o(t) = -31*t - 822. What is o(-24)?
-78
Let i(w) = 22*w**2 - 139*w + 403. Determine i(3).
184
Let r(f) = -7*f**2 - 104*f + 696. What is r(6)?
-180
Let v(l) = l**3 + 8*l**2 + l + 15. Give v(-8).
7
Let q(c) = 3*c**2 - 11*c - 22. Calculate q(5).
-2
Let n(a) = -25*a**3 + 3075*a**2 + a - 140. Give n(123).
-17
Let t(w) = -6501*w + 2. Give t(0).
2
Let b(w) = -2*w**2 - 46*w + 73. Calculate b(-24).
25
Let n(v) = 30*v - 139. Determine n(14).
281
Let l(c) = -14*c - 88. Give l(-24).
248
Let x(r) = 3*r**3 + 4*r**2 + 3*r + 4. Determine x(-3).
-50
Let l(r) = -r**2 - 21*r + 57. Determine l(-22).
35
Let i(k) = -1115*k - 4461. Determine i(-4).
-1
Let p(f) = f**2 - 41*f + 34. Determine p(30).
-296
Let c(k) = -224*k - 852. Calculate c(-4).
44
Let p(l) = -l**2 - 600*l - 81349. Determine p(-207).
2
Let p(z) = -11*z**3 - 6*z**2 - 3*z + 9. Give p(3).
-351
Let i(x) = -2*x**2 + 30*x + 21. Give i(20).
-179
Let x(z) = -z**3 - 2*z**2 + 35*z + 1. Determine x(-7).
1
Let i(n) = 381*n - 145544. Calculate i(382).
-2
Let x(u) = u**3 - 11*u**2 - u + 3. Calculate x(11).
-8
Let f(r) = 33*r - 514. Calculate f(14).
-52
Let o(b) = -84*b - 1503. Determine o(-18).
9
Let i(a) = 83*a - 2718. Give i(32).
-62
Let q(a) = -a**2 - 34*a + 116. Calculate q(3).
5
Let k(w) = -25*w - 128. Determine k(-5).
-3
Let s(p) = 16*p - 1222. Calculate s(61).
-246
Let c(r) = r**2 - 59*r + 398. Determine c(50).
-52
Let p(k) = -2*k**2 - 624*k - 13290. Give p(-23).
4
Let z(v) = v**2 + 252*v + 3569. What is z(-15)?
14
Let o(i) = -3*i**3 - 25*i**2 - 6*i + 1. Give o(-8).
-15
Let f(g) = -6*g**2 - 83*g + 433. Determine f(-18).
-17
Let x(t) = 17*t**2 - 87*t - 396. Determine x(8).
-4
Let a(k) = -k**2 + 7*k - 4. Give a(-13).
-264
Let v(r) = -374*r + 656. What is v(2)?
-92
Let s(m) = -m**3 - 240*m**2 + 166*m - 18085. What is s(-241)?
-10
Let u(k) = k**2 + 1269*k - 60487. What is u(46)?
3
Let g(v) = 4*v**3 + 135*v**2 - 31*v + 100. Give g(-34).
-2
Let u(f) = -3*f**2 - 61*f - 328. What is u(-9)?
-22
Let i(l) = -3*l**3 - 147*l**2 - 145*l - 164. What is i(-48)?
-116
Let p(q) = -3*q**2 - 205*q - 2545. Determine p(-52).
3
Let w(k) = -k**3 + 68*k**2 + 134*k + 440. Give w(70).
20
Let a(v) = -2*v**3 - 75*v**2 + 35*v - 83. Determine a(-38).
31
Let t(u) = 236*u - 2. Calculate t(0).
-2
Let p(g) = -342*g + 628. Give p(2).
-56
Let t(m) = m**2 - 260*m + 786. Calculate t(3).
15
Let k(x) = -49*x**2 - 587*x + 54. What is k(-12)?
42
Let j(f) = -2*f**3 - 26*f**2 + 34*f + 18. Give j(-14).
-66
Let h(m) = -5*m + 423. Calculate h(66).
93
Let a(l) = l**3 + 30*l**2 + 3*l +